- 12. What are the prime factors of j(-11)?
2, 269
List the prime factors of 743 - (4/24*0 - 0).
743
Suppose 0 = 5*p - 4*p - 2. Let u(w) = -5*w + w + p*w - 1 + 10*w**2 - w. What are the prime factors of u(-2)?
3, 5
Suppose 0*p = p - 2*x - 774, -4 = -4*x. Suppose -2*l = -2, 4*h - h + 5*l = p. List the prime factors of h.
257
Suppose 1 + 13 = 7*b. Suppose -5*u + 2*c = -2*u - 100, -3*c = b*u - 58. What are the prime factors of -8*(-2)/(u/100)?
2, 5
Suppose 0 = 2*l - 3*g + 51, 5*g + 70 = -3*l + 3*g. Let u(d) = d**3 - 4*d**2 - 5*d - 3. Let h be u(5). Let q = h - l. List the prime factors of q.
3, 7
Suppose -20*z + 24*z - 3060 = 0. List the prime factors of z.
3, 5, 17
Suppose 0*b + 5*b + 2*n = 23, 3*b - 1 = 2*n. Suppose 5 = b*x - y, 4*y = 3*x + x - 4. What are the prime factors of x?
2
Let y = 9930 - 6267. List the prime factors of y.
3, 11, 37
What are the prime factors of -45*(2 - (-122)/(-10) - 0)?
3, 17
Let g be 1420/28 + 4/14. Let i = g + -43. What are the prime factors of i?
2
Let c(y) = 3*y**2 - 17*y - 3. Let k be c(6). What are the prime factors of 2 + 0 + (k - -136) + 0?
3, 47
Let x = 50 - 8. Let j = -27 + x. List the prime factors of j.
3, 5
Let p = 12 + 0. Suppose 5*d - 3*x = 12 + 20, 2*d = x + p. Suppose -i + 2*j + 33 = 0, -i = d*i + j - 220. What are the prime factors of i?
43
Let z(n) = 2*n**2 + 2*n - 2. Let d be z(-2). Suppose 1 + 3 = d*i. Let o = i - -41. List the prime factors of o.
43
List the prime factors of (-1)/2 - 1/(-4)*1822.
5, 7, 13
Let c = -697 + 1150. Suppose 5*a = 3*l - c, l - 11 = a + 142. List the prime factors of l.
2, 3, 13
Let d(s) = s**3 - 12*s**2 - 28*s + 19. Let l(m) = m**2 + 5*m - 36. Let q be l(-10). List the prime factors of d(q).
19
Let d be (4 - (1 + 2))*4. Suppose d*o - 312 = -0*o. What are the prime factors of o?
2, 3, 13
Let o(r) = r - 53. Let k be o(0). Let f = k - -87. What are the prime factors of 3/(-7) - f/(-14)?
2
Let y = -2 + 16. Suppose -y = -6*v - 2. Suppose 3*p + 137 = 4*i + 4*p, i + v*p - 36 = 0. What are the prime factors of i?
2, 17
Let i(q) be the second derivative of q**4/3 - q**3/2 + 5*q**2/2 + q. Suppose z + 2*b = 11, 3*b + 2*b - 20 = 0. What are the prime factors of i(z)?
2
Let k = 250 + 735. List the prime factors of k.
5, 197
Let s = 6262 - 4262. What are the prime factors of s?
2, 5
List the prime factors of (-1)/(-8) + 3/((-24)/(-943)).
2, 59
Suppose -14*k = -18517 + 1913. What are the prime factors of k?
2, 593
Let l = 347 + -573. Let h = -134 - l. What are the prime factors of h?
2, 23
Let r = 3 + 1. Suppose 4*a = 4*o - 672, 2*o + 9*a = r*a + 343. List the prime factors of o.
13
Suppose -2*y + 56 = 150. Let n = 46 + -50. What are the prime factors of 4 + 8/n - y?
7
Suppose 0 = -7*f + 10*f - 1911. Suppose -127 = -m - u, 3*u - f = m - 6*m. List the prime factors of m.
2
Let a be (257 + -5)/(6/40*2). Suppose -4*r + a = -3*w, 5*r - 4*w = -8*w + 1050. What are the prime factors of r?
2, 3, 5, 7
Suppose 2*u + 235 - 1955 = 0. What are the prime factors of u?
2, 5, 43
Let i(f) be the third derivative of -f**6/120 + 2*f**5/15 - f**4/8 - f**3/3 - 2*f**2. What are the prime factors of i(6)?
2, 13
What are the prime factors of (-5 + 6)*(457 + 6 + -6)?
457
Suppose 0 = -2*b + 2*r + 40, 0*b - 3*b + 60 = 3*r. Suppose 3*x + 8 = 5*x - 2*c, -c = 5*x - b. What are the prime factors of 18 - 0/(0 - x)?
2, 3
Let a = -3311 + 7455. List the prime factors of a.
2, 7, 37
Let u(z) = 7*z**2 + 7*z - 35. List the prime factors of u(-11).
3, 5, 7
What are the prime factors of (3972/9 + 0)*9/2?
2, 3, 331
What are the prime factors of 2 + (-5 - 1*-651)?
2, 3
Let p(s) = s**2 + 25*s + 10. Let r be p(-10). Let x = r + 56. Let k = -48 - x. What are the prime factors of k?
2, 3
Suppose 5*z - 168 = -1093. Let q = -112 - z. List the prime factors of q.
73
Let l(t) = 13*t**2 + 14*t + 2. Let z be l(-4). Suppose 0 = 8*v - 6*v - z. What are the prime factors of v?
7, 11
Let l be 31 - (0 + -3 - 1). What are the prime factors of 8/(-10) - (-1533)/l?
43
Suppose -813 = -8*n + 699. List the prime factors of n.
3, 7
Suppose -5*n = -0*n - 40. Let b = n - -2. List the prime factors of b.
2, 5
Suppose 2*z + 5*p + 13 = -z, -5*z + 2*p = 32. Let l(t) = -t**3 - 5*t**2 + 4*t + 2. List the prime factors of l(z).
2, 7
Suppose d - 2*u = -6*u + 782, -2*d - 5*u + 1564 = 0. List the prime factors of d.
2, 17, 23
Let f = -5388 - -7610. List the prime factors of f.
2, 11, 101
Let s(y) = -147*y + 271. List the prime factors of s(-5).
2, 503
Let m = 3209 + -1581. Suppose 0 = 14*r - m - 122. List the prime factors of r.
5
Let t(d) = 3*d**2 + d + 4. Suppose 9 = -11*a + 14*a. Suppose a*r - 4 = 2*r, -5*z - 3*r + 27 = 0. List the prime factors of t(z).
2, 17
Let s(b) = 95*b**3 - 4*b**2 - 3*b + 4. List the prime factors of s(2).
2, 7, 53
What are the prime factors of 4/(-10) + 2 + 7448/20?
2, 11, 17
Let s(t) be the second derivative of -9*t**3/2 - 11*t**2/2 - 15*t. What are the prime factors of s(-2)?
43
Let a(j) = -j - 7. Let g be a(-4). Let b be (-8)/(-6) - 2/g. Suppose 3*h - 52 = 4*u, 4*h + b*u - 86 = 4*u. List the prime factors of h.
2, 3
Suppose 3*z = -4*m - 2 + 27, 4 = -2*m. Suppose z*c = 3*c + 1936. List the prime factors of c.
2, 11
List the prime factors of 12/4 + -8 - -170.
3, 5, 11
Let y = 33 - 32. Suppose 2*j - y = 93. What are the prime factors of j?
47
Let m(k) = -2*k**3 - k**2 + 4*k + 3. Let c(o) = -o**2 + 7*o - 3. Let q be c(6). Let p be q*(-3 + 1 - -1). What are the prime factors of m(p)?
2, 3
Suppose 6*d - d = 10. List the prime factors of (d/1)/(16/304).
2, 19
Let q(b) = 67*b**2 - 40*b + 6. What are the prime factors of q(5)?
1481
Let i(a) = 6*a + 44. Let x be i(-7). Suppose 3*r - y - 25 = 4*y, 0 = -5*r + y + 5. Suppose 4*h = r, 76 = x*q - 0*q - 3*h. What are the prime factors of q?
2, 19
Let b(q) = -2*q**2 + 7*q + 9. Let p be b(5). Let k(n) = -8*n + n**2 - 3 + 4*n**2 - 6 + n**3. List the prime factors of k(p).
3
Suppose -l + 21 = 3*g, 5*g - 13 = -5*l + 32. List the prime factors of ((-12)/(-21))/(g/273).
2, 13
Suppose 3*u + 5*t - 1315 = 0, 5*u - 66 = -2*t + 2113. What are the prime factors of u?
3, 5, 29
Let l(n) be the second derivative of n**5/20 - n**4/2 + n**3/3 + 3*n**2/2 - 7*n. Suppose 2*o = -2*o, 24 = 4*d - 5*o. List the prime factors of l(d).
3, 5
Suppose -5*p - 5*w + 10 = 0, -p + 3*w - 10 - 8 = 0. Let y be (6/(-4))/(p/(-6)). What are the prime factors of 10 + 1 + 1 - y?
3, 5
Let v(w) = -108*w + 936. List the prime factors of v(-31).
2, 3, 7, 17
Let q(i) = 3*i**3 - 3*i**2 + 3*i - 2. Let t be q(2). Let n = t + -11. Suppose 6*y - n*y - 8 = 0. List the prime factors of y.
2
Let u(z) = 26 + 26 - 4*z - 13 + 3*z. List the prime factors of u(20).
19
Let l(j) = j**3 + 4*j**2 - 6*j - 4. Let u be l(-5). Suppose 0*q + d - u = -q, -2*d = -5*q + 19. Suppose -39 = -0*v - q*v. List the prime factors of v.
13
Let r(u) = u**3 - 2*u**2 - u - 2. Let f be (-2 - (-27)/12) + 75/20. What are the prime factors of r(f)?
2, 13
Suppose -5*a + 3*a = -4. Suppose 0 = 3*x - 2*r - r - 183, a*r - 244 = -4*x. List the prime factors of x.
61
Suppose -8*r + 1221 + 10035 = 0. List the prime factors of r.
3, 7, 67
Let i(m) = -m**3 - 2*m + 1. Let z be i(1). What are the prime factors of ((-10)/(-4) - 1) + (-3)/z?
3
Suppose -3*z - 4*h = -19, 3*h = -z + 6 - 3. Let b be 227/z - (-2)/(-9). Let v = 92 - b. What are the prime factors of v?
67
Let g = 17 - 27. What are the prime factors of ((-255)/g)/((-2)/(-8))?
2, 3, 17
Let f(x) = -2*x**3 - 7*x - 3. Suppose 135 = -5*l + 120. What are the prime factors of f(l)?
2, 3
Let a(l) = 3*l**2 + 4*l + 3. Let z = -41 + 38. List the prime factors of a(z).
2, 3
Suppose -3*x = h + 23, 0 = 4*h + 2*x - x + 37. Suppose -5*q + 2 + 3 = 0. List the prime factors of (h + q)*(0 + -2).
2, 7
Suppose -11*b + 756 = -4293. What are the prime factors of b?
3, 17
Let d(n) be the third derivative of 1/3*n**3 + 0 + 1/6*n**4 - 9*n**2 + 0*n + 2/15*n**5. List the prime factors of d(-2).
2, 13
Suppose -444 = 2*t - 5*t. Suppose 4*i - t = 2*i. List the prime factors of i.
2, 37
Let u(l) = l**3 - 14*l**2 + 2*l + 12. Let z be u(14). Suppose z = 8*s - 6*s. What are the prime factors of s?
2, 5
Let t(s) = s**3 + 0*s**3 - 7*s + 6 - 10*s - 3 - 3*s**2. List the prime factors of t(6).
3
List the prime factors of 87/116 - (-741)/4.
2, 3, 31
Let v(y) = -y**3 + 3